 4*j + 5*r - 37 = 0, -z*j - 11 + 46 = 3*r. Calculate the greatest common factor of g and j.
1
Suppose 0 = -4*s - 2*s + 24. Suppose -5*b + 3*v = 2*v - 15, 3*v + 21 = 3*b. Calculate the highest common factor of b and s.
2
Let k(o) = o**3 + 2*o**2 - o - 3. Let p be k(3). Let s(t) = 20*t - 7. Let h be s(3). Suppose -5*r + 12 = -h. Calculate the highest common factor of r and p.
13
Let g(n) = -n + 11. Let k be g(9). Suppose -3*u = -4*p, -3*u = u - p - 13. Suppose -14 - k = -u*c. Calculate the highest common divisor of 32 and c.
4
Suppose 3*m - 207 = 165. Suppose 1091 = 32*p - 285. Let n = m - p. Calculate the highest common factor of 9 and n.
9
Let d = 1496 + -1388. Calculate the highest common factor of 60 and d.
12
Suppose 241 = 3*a + 88. Suppose 3*o = -4*q - 57, 4*o - 4*q = -q - a. Let u be 208/6 - 20/o. What is the highest common factor of 4 and u?
4
Let y = 7 - -23. Calculate the highest common factor of 15 and y.
15
Suppose 1310 = 3*a + v, -1306 = -6*a + 3*a - 5*v. Calculate the greatest common factor of a and 23.
23
Let u = -139 + 157. What is the highest common divisor of 9 and u?
9
Suppose 3*m + 5*q - 15 - 38 = 0, 2*m - q - 18 = 0. Calculate the highest common divisor of m and 1.
1
Let s be ((-12)/6 - -7)*3. Suppose -d + 24 = -4*q, 4*d - 5*q - 23 = 51. Suppose 2*k = d - 4. Calculate the greatest common factor of s and k.
3
Let w(f) = -4*f**3 + f**2 + 2*f. Let c be w(-2). Let y(x) = 7*x**2 - 11*x - 28. Let i be y(-4). What is the greatest common factor of c and i?
32
Let j be 28 + -26 - (2 + -832). What is the highest common divisor of 64 and j?
64
Suppose 4*a - 75 = 5*i, -5*i = -3*a + 9 + 51. What is the highest common divisor of 10 and a?
5
Suppose 3*f + 4*w - 30 = 0, 9*w = 4*w + 15. Suppose -t = -2*u - 24, 53 = 4*t - 2*t - 3*u. Let i = f + t. What is the highest common factor of i and 16?
8
Let n be (84/10)/((-28)/70). Let h be (3 - n)*(2 - 1). What is the highest common factor of h and 8?
8
Suppose 0 = m + 4*m + 30. Let u be ((-14)/m)/((-1)/(-3)). Let b be 7/21 - 4/(-6). What is the greatest common factor of b and u?
1
Let n = -1143 - -1187. What is the greatest common divisor of 8 and n?
4
Let z(p) = 2*p + 12. Let l be z(-9). Let b be (l/(-10))/(-3) - (-764)/20. Calculate the highest common factor of 19 and b.
19
Let a(z) = z**3 - 5*z**2 - z + 6. Let c be a(5). Suppose -4*m + 24 = -k - k, -8 = -3*m + 4*k. What is the greatest common factor of m and c?
1
Let g(p) = p + 52. Let c(n) = 1. Let j(w) = 3*c(w) + g(w). Let i be j(0). Let u = 29 - 18. Calculate the highest common factor of i and u.
11
Suppose 79 = 5*j + 3*i, -6*j + 11*j - i - 87 = 0. What is the highest common divisor of 17 and j?
17
Suppose 8 = 4*j, -44 = -2*i - 5*j - 2. Let q = 210 - 34. What is the greatest common factor of i and q?
16
Suppose 5*j - 25 = 0, j - 8 = -g - 0. Suppose -g*w - w + l + 41 = 0, -18 = -2*w - 2*l. Calculate the greatest common divisor of 5 and w.
5
Suppose 33*i = 28*i - 15. Let q = 27 + -12. Let n be i + 6*q/6. Calculate the highest common divisor of n and 18.
6
Let x(k) be the third derivative of -k**5/60 + 7*k**4/24 - 7*k**3/6 + 4*k**2. Let s be x(5). Let o be 1/2*18/s. What is the highest common factor of 1 and o?
1
Suppose 0 = -0*h - 4*h + 72. Let u be (-18117)/122*(-5)/(15/4). What is the greatest common factor of u and h?
18
Let s be -154*(6 + 3 + -11). What is the highest common divisor of 14 and s?
14
Let j(h) = -12*h + 1. Let m be j(2). Let t be (0 - -17)*(-1 - (-6)/3). Let v = t - m. What is the greatest common divisor of 10 and v?
10
Suppose -u = 1, -3*a - 8 = u - 1. Let h be (a/(-6))/((-18)/(-108)). What is the highest common divisor of 6 and h?
2
Let z = -6168 - -6182. Suppose 0 = -3*t + 5*j + 398, -4*t + 2*j = -3*t - 134. What is the greatest common divisor of t and z?
14
Suppose -6 = 4*g + 2*m, -5*g - 2*m - 9 = m. Suppose -8*p = -g*p - 120. Calculate the highest common factor of 6 and p.
3
Suppose -2*s + 21 + 3 = 0. Suppose 0 = -7*x + s*x - 80. What is the greatest common factor of x and 40?
8
Suppose -196*j - 140 = -198*j. What is the greatest common factor of 80 and j?
10
Let v = -3 - -5. Suppose 4 = 2*f, -2*x - 2*x + 36 = -v*f. Suppose -24*d = 8 - 968. Calculate the greatest common factor of x and d.
10
Suppose 444*b - 267 = 440*b + 5*j, 3*j + 198 = 3*b. What is the greatest common factor of 49 and b?
7
Suppose 21 + 0 = 3*w. Let j(q) = q**2 - 6*q + 3. Let z be j(w). Let d = -105 - -185. Calculate the greatest common factor of d and z.
10
Suppose 0*h + 83 = 3*h - 4*q, -5*q - 145 = -5*h. Let s be 232 + ((-2)/(-4))/(5/(-10)). What is the greatest common divisor of h and s?
33
Let d = 29 + -28. Let z be -9*-8*d/2. What is the greatest common divisor of z and 18?
18
Let z(u) = -5*u**2 + 2*u - 10. Let r be z(-4). Let v = r + 174. Calculate the highest common factor of v and 190.
38
Let r be (-20)/15*(-6)/4. Suppose 0 = 3*m - i - 38 - 50, r*m - 64 = -2*i. Let c be 3 + m/2 - -3. What is the highest common factor of 3 and c?
3
Let x be 309/(-721) - 678/(-14). Calculate the highest common divisor of 192 and x.
48
Let k = 10 + -4. Suppose k*r = r. Suppose 4*t - 12 = r, y = -4*t + 12 + 25. What is the highest common divisor of y and 10?
5
Let d(k) = k + 5. Let g be d(0). Let c(u) = u + 3. Let o be c(-7). Let m be (-3 - o)/(5/g). Calculate the highest common factor of m and 7.
1
Suppose -7 = 3*g - 43. Suppose 4*k + g = 40. Suppose f - 5*s = 13, s = 2*s - 3. What is the highest common divisor of f and k?
7
Suppose 18*l = 15*l + 144. Calculate the highest common factor of l and 12.
12
Suppose 0 = -4*i + 9*i, -52 = -2*u - 3*i. Let p be (-4)/(-10) + (-512)/(-20). What is the greatest common divisor of p and u?
26
Let w = -14 - -20. Suppose 3*h - w*h = -840. Suppose 0 = -q - 3*q + h. What is the greatest common factor of 28 and q?
14
Let k = -43 + 130. Suppose -67 = -5*s + c, 2*s - 5*s + c = -41. Let w(y) = -y**2 + 13*y + 29. Let o be w(s). Calculate the greatest common divisor of k and o.
29
Let n(b) = -7*b + 9. Let v be n(-8). Let c(l) = 13*l**2 - 9*l + 9. Let u be c(1). Suppose -56*g + u = -55*g. What is the highest common factor of v and g?
13
Suppose -v - 2 + 7 = 0. Suppose 322 + 38 = v*x. What is the highest common divisor of x and 9?
9
Suppose 0 = 11*p - 165 - 297. Calculate the greatest common divisor of p and 3.
3
Suppose -w + 9 = 2*w. Let p be ((-8)/(-6))/(w/(-171)). Let g = p + 109. What is the highest common factor of g and 297?
33
Suppose 110 = -4*t + 38. Let k be (18/(-15))/(1/5). Let a = k - t. Calculate the highest common factor of 3 and a.
3
Let g be 91/5 + (-1)/5. Suppose -2*p + 4*i = -32, -5*p + 2*i + 35 = i. Suppose -11 = -p*a + 25. What is the highest common factor of g and a?
6
Let r(b) = 6*b - 2. Let c be r(1). Suppose l + c = 2*l. Suppose 2*w + a = 15, -l*a + 24 = 3*w - 3*a. What is the greatest common divisor of w and 18?
9
Let r(o) = -2*o**3 - 37*o**2 + 59*o - 14. Let y be r(-20). Let u(i) = -i**3 - 5*i**2 + 5*i + 10. Let t be u(-6). What is the highest common factor of y and t?
2
Suppose -4*g + 0*g + 5*i + 38 = 0, -5*g + 45 = -5*i. Suppose g*p = 20 + 85. What is the highest common divisor of 5 and p?
5
Let o be (-4)/(-6)*216/3. Suppose -3180 = -52*f + 564. What is the highest common factor of f and o?
24
Suppose -y - w = -100, -2*y + 4*w + 97 = -97. Let n(g) = -2*g + 25. Let x be n(0). Let j = -14 + x. What is the highest common factor of y and j?
11
Let l = 2511 + -2021. Calculate the highest common factor of 210 and l.
70
Suppose 19*t = -13*t + 8192. What is the highest common divisor of t and 64?
64
Let d be 16 + (-3)/2*(-26)/(-39). What is the greatest common divisor of 135 and d?
15
Suppose -f - 2*h = 6, 2*f + 4 = 2*h - 2. Let s be f + 2 + 20 - 4. What is the highest common factor of 42 and s?
14
Suppose -8*b + 12 = -4*b. Suppose -156 = -5*g + b*v, -3*v + 42 - 108 = -2*g. Calculate the greatest common factor of g and 120.
30
Suppose z + 20 = 3*l - 2*l, 3*l = 2*z + 57. Let t = l + -11. Suppose -2*u + 6 + t = 0. What is the greatest common divisor of 3 and u?
3
Suppose 96*z - 89*z = 532. What is the greatest common factor of z and 190?
38
Let z be (-1)/(3/(0 + 3)). Let l be (-22)/(-2)*z*(-15 + 14). What is the highest common factor of l and 88?
11
Let z be (-1 + -1)/((-1)/5). Let n = -1392 + 1383. Let h = n + z. What